{"id":414,"date":"2021-06-10T07:04:44","date_gmt":"2021-06-10T07:04:44","guid":{"rendered":"https:\/\/fruitadona.com\/?page_id=414"},"modified":"2023-06-20T17:04:51","modified_gmt":"2023-06-20T17:04:51","slug":"fruitadona-ripollet","status":"publish","type":"page","link":"https:\/\/fruitadona.com\/?page_id=414","title":{"rendered":"Fruitadona Ripollet"},"content":{"rendered":"\t\t<div data-elementor-type=\"wp-page\" data-elementor-id=\"414\" class=\"elementor elementor-414\">\n\t\t\t\t\t\t<section class=\"elementor-section elementor-top-section elementor-element elementor-element-9f88b78 elementor-section-boxed elementor-section-height-default elementor-section-height-default\" data-id=\"9f88b78\" data-element_type=\"section\" data-e-type=\"section\">\n\t\t\t\t\t\t<div class=\"elementor-container elementor-column-gap-default\">\n\t\t\t\t\t<div class=\"elementor-column elementor-col-100 elementor-top-column elementor-element elementor-element-a246e0b\" data-id=\"a246e0b\" data-element_type=\"column\" data-e-type=\"column\">\n\t\t\t<div class=\"elementor-widget-wrap elementor-element-populated\">\n\t\t\t\t\t\t<div class=\"elementor-element elementor-element-3e67b28 elementor-widget elementor-widget-text-editor\" data-id=\"3e67b28\" data-element_type=\"widget\" data-e-type=\"widget\" data-widget_type=\"text-editor.default\">\n\t\t\t\t<div class=\"elementor-widget-container\">\n\t\t\t\t\t\t\t\t\t<p><span style=\"caret-color: #000000; color: #000000;\"><strong>Fruitadona Ripollet\u00a0<\/strong>\u00e9s una botiga de proximitat on trobar\u00e0s productes de primera qualitat arribats directament dels nostres camps de cultiu distribu\u00efts per la geografia peninsular.<\/span><\/p>\n<p><span style=\"color: #000000;\">Productes de temporada com a taronges, pomes, peres, carxofes, cols, pebrots, etc\u2026 a preus a l&#8217;abast dels clients m\u00e9s exigents que busquen la millor relaci\u00f3 preu\/qualitat. I si vols descomptes directes a la teva compra, fes-te amb la targeta Fidelitzaci\u00f3 Client Satisfet a qualsevol de les<\/span>\u00a0<a href=\"https:\/\/fruitadona.com\/botigues\/\">nostres botigues<\/a>.<\/p>\n<p style=\"caret-color: #000000; color: #000000;\">Vine a fer la teva compra di\u00e0ria a la <a href=\"https:\/\/goo.gl\/maps\/i5suAscvNTgsRtT98\">Rambla Sant jordi, 48<\/a> o truca al 629 237 632 i fes la comanda per recollirla quan vulguis.\u00a0Tamb\u00e9 pots fer la compra en l\u00ednia a trav\u00e9s de l&#8217;APP <strong>Glovo<\/strong> per a rebre-la a casa.<\/p>\n<p><span style=\"color: #000000;\">Aposta per una dieta saludable per tu i els teus.\u00a0<strong>Fruitadona Ripollet al teu costat<\/strong>!<\/span><\/p>\t\t\t\t\t\t\t\t<\/div>\n\t\t\t\t<\/div>\n\t\t\t\t\t<\/div>\n\t\t<\/div>\n\t\t\t\t\t<\/div>\n\t\t<\/section>\n\t\t\t\t<section class=\"elementor-section elementor-top-section elementor-element elementor-element-d9555e7 elementor-section-boxed elementor-section-height-default elementor-section-height-default\" data-id=\"d9555e7\" data-element_type=\"section\" data-e-type=\"section\">\n\t\t\t\t\t\t<div class=\"elementor-container elementor-column-gap-default\">\n\t\t\t\t\t<div class=\"elementor-column elementor-col-50 elementor-top-column elementor-element elementor-element-7b995ac\" data-id=\"7b995ac\" data-element_type=\"column\" data-e-type=\"column\">\n\t\t\t<div class=\"elementor-widget-wrap elementor-element-populated\">\n\t\t\t\t\t\t<div class=\"elementor-element elementor-element-e415f49 elementor-widget elementor-widget-image\" data-id=\"e415f49\" data-element_type=\"widget\" data-e-type=\"widget\" data-widget_type=\"image.default\">\n\t\t\t\t<div class=\"elementor-widget-container\">\n\t\t\t\t\t\t\t\t\t\t\t\t\t\t\t<img fetchpriority=\"high\" decoding=\"async\" width=\"751\" height=\"469\" src=\"https:\/\/fruitadona.com\/wp-content\/uploads\/2023\/06\/fachada-ripollet-1024x640.jpg\" class=\"attachment-large size-large wp-image-3836\" alt=\"\" srcset=\"https:\/\/fruitadona.com\/wp-content\/uploads\/2023\/06\/fachada-ripollet-1024x640.jpg 1024w, https:\/\/fruitadona.com\/wp-content\/uploads\/2023\/06\/fachada-ripollet-300x188.jpg 300w, https:\/\/fruitadona.com\/wp-content\/uploads\/2023\/06\/fachada-ripollet-768x480.jpg 768w, https:\/\/fruitadona.com\/wp-content\/uploads\/2023\/06\/fachada-ripollet-1536x960.jpg 1536w, https:\/\/fruitadona.com\/wp-content\/uploads\/2023\/06\/fachada-ripollet-600x375.jpg 600w, https:\/\/fruitadona.com\/wp-content\/uploads\/2023\/06\/fachada-ripollet.jpg 1984w\" sizes=\"(max-width: 751px) 100vw, 751px\" \/>\t\t\t\t\t\t\t\t\t\t\t\t\t\t\t<\/div>\n\t\t\t\t<\/div>\n\t\t\t\t\t<\/div>\n\t\t<\/div>\n\t\t\t\t<div class=\"elementor-column elementor-col-50 elementor-top-column elementor-element elementor-element-095591c\" data-id=\"095591c\" data-element_type=\"column\" data-e-type=\"column\">\n\t\t\t<div class=\"elementor-widget-wrap elementor-element-populated\">\n\t\t\t\t\t\t<div class=\"elementor-element elementor-element-ba29363 elementor-widget elementor-widget-image\" data-id=\"ba29363\" data-element_type=\"widget\" data-e-type=\"widget\" data-widget_type=\"image.default\">\n\t\t\t\t<div class=\"elementor-widget-container\">\n\t\t\t\t\t\t\t\t\t\t\t\t\t\t\t<img decoding=\"async\" width=\"751\" height=\"440\" src=\"https:\/\/fruitadona.com\/wp-content\/uploads\/2023\/06\/interior-ripollet1-1024x600.jpg\" class=\"attachment-large size-large wp-image-3837\" alt=\"\" srcset=\"https:\/\/fruitadona.com\/wp-content\/uploads\/2023\/06\/interior-ripollet1-1024x600.jpg 1024w, https:\/\/fruitadona.com\/wp-content\/uploads\/2023\/06\/interior-ripollet1-300x176.jpg 300w, https:\/\/fruitadona.com\/wp-content\/uploads\/2023\/06\/interior-ripollet1-768x450.jpg 768w, https:\/\/fruitadona.com\/wp-content\/uploads\/2023\/06\/interior-ripollet1-600x351.jpg 600w, https:\/\/fruitadona.com\/wp-content\/uploads\/2023\/06\/interior-ripollet1.jpg 1134w\" sizes=\"(max-width: 751px) 100vw, 751px\" \/>\t\t\t\t\t\t\t\t\t\t\t\t\t\t\t<\/div>\n\t\t\t\t<\/div>\n\t\t\t\t\t<\/div>\n\t\t<\/div>\n\t\t\t\t\t<\/div>\n\t\t<\/section>\n\t\t\t\t<section class=\"elementor-section elementor-top-section elementor-element elementor-element-29581cc elementor-section-boxed elementor-section-height-default elementor-section-height-default\" data-id=\"29581cc\" data-element_type=\"section\" data-e-type=\"section\">\n\t\t\t\t\t\t<div class=\"elementor-container elementor-column-gap-default\">\n\t\t\t\t\t<div class=\"elementor-column elementor-col-50 elementor-top-column elementor-element elementor-element-45fbcad\" data-id=\"45fbcad\" data-element_type=\"column\" data-e-type=\"column\">\n\t\t\t<div class=\"elementor-widget-wrap elementor-element-populated\">\n\t\t\t\t\t\t<div class=\"elementor-element elementor-element-b7b20fc elementor-widget elementor-widget-image\" data-id=\"b7b20fc\" data-element_type=\"widget\" data-e-type=\"widget\" data-widget_type=\"image.default\">\n\t\t\t\t<div class=\"elementor-widget-container\">\n\t\t\t\t\t\t\t\t\t\t\t\t\t\t\t<img decoding=\"async\" width=\"751\" height=\"433\" src=\"https:\/\/fruitadona.com\/wp-content\/uploads\/2023\/06\/interior-ripollet2-1024x591.jpg\" class=\"attachment-large size-large wp-image-3838\" alt=\"\" srcset=\"https:\/\/fruitadona.com\/wp-content\/uploads\/2023\/06\/interior-ripollet2-1024x591.jpg 1024w, https:\/\/fruitadona.com\/wp-content\/uploads\/2023\/06\/interior-ripollet2-300x173.jpg 300w, https:\/\/fruitadona.com\/wp-content\/uploads\/2023\/06\/interior-ripollet2-768x444.jpg 768w, https:\/\/fruitadona.com\/wp-content\/uploads\/2023\/06\/interior-ripollet2-600x347.jpg 600w, https:\/\/fruitadona.com\/wp-content\/uploads\/2023\/06\/interior-ripollet2.jpg 1134w\" sizes=\"(max-width: 751px) 100vw, 751px\" \/>\t\t\t\t\t\t\t\t\t\t\t\t\t\t\t<\/div>\n\t\t\t\t<\/div>\n\t\t\t\t\t<\/div>\n\t\t<\/div>\n\t\t\t\t<div class=\"elementor-column elementor-col-50 elementor-top-column elementor-element elementor-element-0070d5a\" data-id=\"0070d5a\" data-element_type=\"column\" data-e-type=\"column\">\n\t\t\t<div class=\"elementor-widget-wrap elementor-element-populated\">\n\t\t\t\t\t\t<div class=\"elementor-element elementor-element-4e5ceac elementor-widget elementor-widget-image\" data-id=\"4e5ceac\" data-element_type=\"widget\" data-e-type=\"widget\" data-widget_type=\"image.default\">\n\t\t\t\t<div class=\"elementor-widget-container\">\n\t\t\t\t\t\t\t\t\t\t\t\t\t\t\t<img loading=\"lazy\" decoding=\"async\" width=\"751\" height=\"439\" src=\"https:\/\/fruitadona.com\/wp-content\/uploads\/2023\/06\/interior-ripollet3-1024x599.jpg\" class=\"attachment-large size-large wp-image-3839\" alt=\"\" srcset=\"https:\/\/fruitadona.com\/wp-content\/uploads\/2023\/06\/interior-ripollet3-1024x599.jpg 1024w, https:\/\/fruitadona.com\/wp-content\/uploads\/2023\/06\/interior-ripollet3-300x175.jpg 300w, https:\/\/fruitadona.com\/wp-content\/uploads\/2023\/06\/interior-ripollet3-768x449.jpg 768w, https:\/\/fruitadona.com\/wp-content\/uploads\/2023\/06\/interior-ripollet3-600x351.jpg 600w, https:\/\/fruitadona.com\/wp-content\/uploads\/2023\/06\/interior-ripollet3.jpg 1134w\" sizes=\"(max-width: 751px) 100vw, 751px\" \/>\t\t\t\t\t\t\t\t\t\t\t\t\t\t\t<\/div>\n\t\t\t\t<\/div>\n\t\t\t\t\t<\/div>\n\t\t<\/div>\n\t\t\t\t\t<\/div>\n\t\t<\/section>\n\t\t\t\t<\/div>\n\t\t","protected":false},"excerpt":{"rendered":"<p>Fruitadona Ripollet\u00a0\u00e9s una botiga de proximitat on trobar\u00e0s productes de primera qualitat arribats directament dels nostres camps de cultiu distribu\u00efts per la geografia peninsular. Productes de temporada com a taronges, pomes, peres, carxofes, cols, pebrots, etc\u2026 a preus a l&#8217;abast dels clients m\u00e9s exigents que busquen la millor relaci\u00f3 preu\/qualitat. I si vols descomptes directes&#8230;<\/p>\n","protected":false},"author":1,"featured_media":0,"parent":0,"menu_order":0,"comment_status":"closed","ping_status":"closed","template":"","meta":{"_monsterinsights_skip_tracking":false,"_monsterinsights_sitenote_active":false,"_monsterinsights_sitenote_note":"","_monsterinsights_sitenote_category":0,"footnotes":""},"class_list":["post-414","page","type-page","status-publish","hentry"],"yoast_head":"<!-- This site is optimized with the Yoast SEO plugin v27.4 - https:\/\/yoast.com\/product\/yoast-seo-wordpress\/ -->\n<title>Fruitadona Ripollet - Fruites, Verdures, Hortalisses i molt m\u00e9s al teu costat!<\/title>\n<meta name=\"description\" content=\"Rambla Sant Jordi, 48 (Ripollet). Productes de primera qualitat arribats directament dels nostres camps. Fruitadona Ripollet al teu costat!\" \/>\n<meta name=\"robots\" content=\"index, follow, max-snippet:-1, max-image-preview:large, max-video-preview:-1\" \/>\n<link rel=\"canonical\" href=\"https:\/\/fruitadona.com\/?page_id=414&lang=es\" \/>\n<meta property=\"og:locale\" content=\"ca_ES\" \/>\n<meta property=\"og:type\" content=\"article\" \/>\n<meta property=\"og:title\" content=\"Fruitadona Ripollet - Fruites, Verdures, Hortalisses i molt m\u00e9s al teu costat!\" \/>\n<meta property=\"og:description\" content=\"Rambla Sant Jordi, 48 (Ripollet). Productes de primera qualitat arribats directament dels nostres camps. Fruitadona Ripollet al teu costat!\" \/>\n<meta property=\"og:url\" content=\"https:\/\/fruitadona.com\/?page_id=414&amp;lang=es\" \/>\n<meta property=\"og:site_name\" content=\"Fruites i Hortalisses de proximitat\" \/>\n<meta property=\"article:modified_time\" content=\"2023-06-20T17:04:51+00:00\" \/>\n<meta property=\"og:image\" content=\"https:\/\/fruitadona.com\/wp-content\/uploads\/2023\/06\/fachada-ripollet-1024x640.jpg\" \/>\n<meta name=\"twitter:card\" content=\"summary_large_image\" \/>\n<meta name=\"twitter:label1\" content=\"Temps estimat de lectura\" \/>\n\t<meta name=\"twitter:data1\" content=\"2 minuts\" \/>\n<script type=\"application\/ld+json\" class=\"yoast-schema-graph\">{\"@context\":\"https:\\\/\\\/schema.org\",\"@graph\":[{\"@type\":\"WebPage\",\"@id\":\"https:\\\/\\\/fruitadona.com\\\/?page_id=414&lang=es\",\"url\":\"https:\\\/\\\/fruitadona.com\\\/?page_id=414&lang=es\",\"name\":\"Fruitadona Ripollet - Fruites, Verdures, Hortalisses i molt m\u00e9s al teu costat!\",\"isPartOf\":{\"@id\":\"https:\\\/\\\/fruitadona.com\\\/#website\"},\"primaryImageOfPage\":{\"@id\":\"https:\\\/\\\/fruitadona.com\\\/?page_id=414&lang=es#primaryimage\"},\"image\":{\"@id\":\"https:\\\/\\\/fruitadona.com\\\/?page_id=414&lang=es#primaryimage\"},\"thumbnailUrl\":\"https:\\\/\\\/fruitadona.com\\\/wp-content\\\/uploads\\\/2023\\\/06\\\/fachada-ripollet-1024x640.jpg\",\"datePublished\":\"2021-06-10T07:04:44+00:00\",\"dateModified\":\"2023-06-20T17:04:51+00:00\",\"description\":\"Rambla Sant Jordi, 48 (Ripollet). Productes de primera qualitat arribats directament dels nostres camps. Fruitadona Ripollet al teu costat!\",\"breadcrumb\":{\"@id\":\"https:\\\/\\\/fruitadona.com\\\/?page_id=414&lang=es#breadcrumb\"},\"inLanguage\":\"ca\",\"potentialAction\":[{\"@type\":\"ReadAction\",\"target\":[\"https:\\\/\\\/fruitadona.com\\\/?page_id=414&lang=es\"]}]},{\"@type\":\"ImageObject\",\"inLanguage\":\"ca\",\"@id\":\"https:\\\/\\\/fruitadona.com\\\/?page_id=414&lang=es#primaryimage\",\"url\":\"https:\\\/\\\/fruitadona.com\\\/wp-content\\\/uploads\\\/2023\\\/06\\\/fachada-ripollet.jpg\",\"contentUrl\":\"https:\\\/\\\/fruitadona.com\\\/wp-content\\\/uploads\\\/2023\\\/06\\\/fachada-ripollet.jpg\",\"width\":1984,\"height\":1240},{\"@type\":\"BreadcrumbList\",\"@id\":\"https:\\\/\\\/fruitadona.com\\\/?page_id=414&lang=es#breadcrumb\",\"itemListElement\":[{\"@type\":\"ListItem\",\"position\":1,\"name\":\"Portada\",\"item\":\"https:\\\/\\\/fruitadona.com\\\/\"},{\"@type\":\"ListItem\",\"position\":2,\"name\":\"Fruitadona Ripollet\"}]},{\"@type\":\"WebSite\",\"@id\":\"https:\\\/\\\/fruitadona.com\\\/#website\",\"url\":\"https:\\\/\\\/fruitadona.com\\\/\",\"name\":\"Fruites i Hortalisses de proximitat\",\"description\":\"Fruitadona al teu costat!\",\"potentialAction\":[{\"@type\":\"SearchAction\",\"target\":{\"@type\":\"EntryPoint\",\"urlTemplate\":\"https:\\\/\\\/fruitadona.com\\\/?s={search_term_string}\"},\"query-input\":{\"@type\":\"PropertyValueSpecification\",\"valueRequired\":true,\"valueName\":\"search_term_string\"}}],\"inLanguage\":\"ca\"}]}<\/script>\n<!-- \/ Yoast SEO plugin. -->","yoast_head_json":{"title":"Fruitadona Ripollet - Fruites, Verdures, Hortalisses i molt m\u00e9s al teu costat!","description":"Rambla Sant Jordi, 48 (Ripollet). Productes de primera qualitat arribats directament dels nostres camps. Fruitadona Ripollet al teu costat!","robots":{"index":"index","follow":"follow","max-snippet":"max-snippet:-1","max-image-preview":"max-image-preview:large","max-video-preview":"max-video-preview:-1"},"canonical":"https:\/\/fruitadona.com\/?page_id=414&lang=es","og_locale":"ca_ES","og_type":"article","og_title":"Fruitadona Ripollet - Fruites, Verdures, Hortalisses i molt m\u00e9s al teu costat!","og_description":"Rambla Sant Jordi, 48 (Ripollet). Productes de primera qualitat arribats directament dels nostres camps. Fruitadona Ripollet al teu costat!","og_url":"https:\/\/fruitadona.com\/?page_id=414&lang=es","og_site_name":"Fruites i Hortalisses de proximitat","article_modified_time":"2023-06-20T17:04:51+00:00","og_image":[{"url":"https:\/\/fruitadona.com\/wp-content\/uploads\/2023\/06\/fachada-ripollet-1024x640.jpg","type":"","width":"","height":""}],"twitter_card":"summary_large_image","twitter_misc":{"Temps estimat de lectura":"2 minuts"},"schema":{"@context":"https:\/\/schema.org","@graph":[{"@type":"WebPage","@id":"https:\/\/fruitadona.com\/?page_id=414&lang=es","url":"https:\/\/fruitadona.com\/?page_id=414&lang=es","name":"Fruitadona Ripollet - Fruites, Verdures, Hortalisses i molt m\u00e9s al teu costat!","isPartOf":{"@id":"https:\/\/fruitadona.com\/#website"},"primaryImageOfPage":{"@id":"https:\/\/fruitadona.com\/?page_id=414&lang=es#primaryimage"},"image":{"@id":"https:\/\/fruitadona.com\/?page_id=414&lang=es#primaryimage"},"thumbnailUrl":"https:\/\/fruitadona.com\/wp-content\/uploads\/2023\/06\/fachada-ripollet-1024x640.jpg","datePublished":"2021-06-10T07:04:44+00:00","dateModified":"2023-06-20T17:04:51+00:00","description":"Rambla Sant Jordi, 48 (Ripollet). Productes de primera qualitat arribats directament dels nostres camps. Fruitadona Ripollet al teu costat!","breadcrumb":{"@id":"https:\/\/fruitadona.com\/?page_id=414&lang=es#breadcrumb"},"inLanguage":"ca","potentialAction":[{"@type":"ReadAction","target":["https:\/\/fruitadona.com\/?page_id=414&lang=es"]}]},{"@type":"ImageObject","inLanguage":"ca","@id":"https:\/\/fruitadona.com\/?page_id=414&lang=es#primaryimage","url":"https:\/\/fruitadona.com\/wp-content\/uploads\/2023\/06\/fachada-ripollet.jpg","contentUrl":"https:\/\/fruitadona.com\/wp-content\/uploads\/2023\/06\/fachada-ripollet.jpg","width":1984,"height":1240},{"@type":"BreadcrumbList","@id":"https:\/\/fruitadona.com\/?page_id=414&lang=es#breadcrumb","itemListElement":[{"@type":"ListItem","position":1,"name":"Portada","item":"https:\/\/fruitadona.com\/"},{"@type":"ListItem","position":2,"name":"Fruitadona Ripollet"}]},{"@type":"WebSite","@id":"https:\/\/fruitadona.com\/#website","url":"https:\/\/fruitadona.com\/","name":"Fruites i Hortalisses de proximitat","description":"Fruitadona al teu costat!","potentialAction":[{"@type":"SearchAction","target":{"@type":"EntryPoint","urlTemplate":"https:\/\/fruitadona.com\/?s={search_term_string}"},"query-input":{"@type":"PropertyValueSpecification","valueRequired":true,"valueName":"search_term_string"}}],"inLanguage":"ca"}]}},"_links":{"self":[{"href":"https:\/\/fruitadona.com\/index.php?rest_route=\/wp\/v2\/pages\/414","targetHints":{"allow":["GET"]}}],"collection":[{"href":"https:\/\/fruitadona.com\/index.php?rest_route=\/wp\/v2\/pages"}],"about":[{"href":"https:\/\/fruitadona.com\/index.php?rest_route=\/wp\/v2\/types\/page"}],"author":[{"embeddable":true,"href":"https:\/\/fruitadona.com\/index.php?rest_route=\/wp\/v2\/users\/1"}],"replies":[{"embeddable":true,"href":"https:\/\/fruitadona.com\/index.php?rest_route=%2Fwp%2Fv2%2Fcomments&post=414"}],"version-history":[{"count":14,"href":"https:\/\/fruitadona.com\/index.php?rest_route=\/wp\/v2\/pages\/414\/revisions"}],"predecessor-version":[{"id":3845,"href":"https:\/\/fruitadona.com\/index.php?rest_route=\/wp\/v2\/pages\/414\/revisions\/3845"}],"wp:attachment":[{"href":"https:\/\/fruitadona.com\/index.php?rest_route=%2Fwp%2Fv2%2Fmedia&parent=414"}],"curies":[{"name":"wp","href":"https:\/\/api.w.org\/{rel}","templated":true}]}}